{"id":7788,"date":"2017-02-19T10:30:25","date_gmt":"2017-02-19T10:30:25","guid":{"rendered":"http:\/\/themicart.com\/test1\/?page_id=7788"},"modified":"2025-02-09T18:46:18","modified_gmt":"2025-02-09T15:46:18","slug":"home-1","status":"publish","type":"page","link":"https:\/\/mekoyapi.com.tr\/","title":{"rendered":"Meko Yap\u0131 | Kazan\u00e7l\u0131 Ya\u015fam\u0131n Mimar\u0131"},"content":{"rendered":"<div class=\"wpb-content-wrapper\"><p>[vc_row full_width=&#8221;stretch_row&#8221; equal_height=&#8221;yes&#8221; content_placement=&#8221;middle&#8221; css=&#8221;.vc_custom_1537521376465{padding-bottom: 70px !important;background-image: url(https:\/\/mekoyapi.com.tr\/wp-content\/uploads\/2018\/03\/bg.png?id=9170) !important;background-position: 0 0 !important;background-repeat: repeat !important;}&#8221; el_class=&#8221;overlapped&#8221;][vc_column width=&#8221;1\/4&#8243; css=&#8221;.vc_custom_1536745119080{margin-top: 110px !important;margin-right: 1px !important;margin-bottom: 30px !important;}&#8221;]<span class=\"subtitle dash-true style-dark text-default\">B\u0130Z NELER YAPARIZ<\/span>[vc_column_text css=&#8221;.vc_custom_1738428878271{margin-bottom: 20px !important;}&#8221;]<\/p>\n<h2><strong>Meko Yap\u0131 ile Gelece\u011fi<br \/>\n<span style=\"color: #7d6741;\">\u0130n\u015fa Ediyoruz<\/span><\/strong><\/h2>\n<p><strong>Meko Yap\u0131<\/strong> olarak, in\u015faat, mimari tasar\u0131m, m\u00fchendislik \u00e7\u00f6z\u00fcmleri ve s\u00fcrd\u00fcr\u00fclebilir yap\u0131 projeleriyle gelece\u011fi \u015fekillendiriyor, her detayda kalite ve yenilik\u00e7ili\u011fi \u00f6n planda tutuyoruz![\/vc_column_text][\/vc_column][vc_column width=&#8221;1\/4&#8243;]<div class=\"content-box service-item alignment-centered service-box-dark spacing-30\"><a href=\"https:\/\/mekoyapi.com.tr\/index.php\/services\/meko-yapi-insaat\/\"><div class=\"image-container\"><div class=\"vertical-number-box\"><span class=\"vertical-number\">01<\/span><\/div><div class=\"arrow-box\"><span class=\"icon-arrow-right\"><\/span><\/div><img decoding=\"async\" src=\"https:\/\/mekoyapi.com.tr\/wp-content\/uploads\/2025\/02\/kalite-meko-yapi.jpg\" alt=\"\u0130N\u015eAAT\"><\/div><div class=\"content-box-info\"><h4 class=\"box-heading\">\u0130N\u015eAAT<\/h4><\/div><\/a><\/div>[\/vc_column][vc_column width=&#8221;1\/4&#8243;]<div class=\"content-box service-item alignment-centered service-box-dark spacing-30\"><a href=\"https:\/\/mekoyapi.com.tr\/index.php\/services\/decorating\/\"><div class=\"image-container\"><div class=\"vertical-number-box\"><span class=\"vertical-number\">02<\/span><\/div><div class=\"arrow-box\"><span class=\"icon-arrow-right\"><\/span><\/div><img decoding=\"async\" src=\"https:\/\/mekoyapi.com.tr\/wp-content\/uploads\/2025\/02\/meko-mimari-tasarim.jpg\" srcset=\"https:\/\/mekoyapi.com.tr\/wp-content\/uploads\/2025\/02\/meko-mimari-tasarim-270x380.jpg 270w, https:\/\/mekoyapi.com.tr\/wp-content\/uploads\/2025\/02\/meko-mimari-tasarim.jpg 350w\" sizes=\"(min-width: 781px) 360px, calc(100vw - 30px)\" alt=\"M\u0130MAR\u0130 TASARIM\"><\/div><div class=\"content-box-info\"><h4 class=\"box-heading\">M\u0130MAR\u0130 TASARIM<\/h4><\/div><\/a><\/div>[\/vc_column][vc_column width=&#8221;1\/4&#8243;]<div class=\"content-box service-item alignment-centered service-box-dark spacing-30\"><a href=\"https:\/\/mekoyapi.com.tr\/index.php\/services\/floor-planning\/\"><div class=\"image-container\"><div class=\"vertical-number-box\"><span class=\"vertical-number\">03<\/span><\/div><div class=\"arrow-box\"><span class=\"icon-arrow-right\"><\/span><\/div><img decoding=\"async\" src=\"https:\/\/mekoyapi.com.tr\/wp-content\/uploads\/2025\/02\/meko-muhendislik.jpg\" srcset=\"https:\/\/mekoyapi.com.tr\/wp-content\/uploads\/2025\/02\/meko-muhendislik-270x380.jpg 270w, https:\/\/mekoyapi.com.tr\/wp-content\/uploads\/2025\/02\/meko-muhendislik.jpg 360w\" sizes=\"(min-width: 781px) 360px, calc(100vw - 30px)\" alt=\"M\u00dcHEND\u0130SL\u0130K\"><\/div><div class=\"content-box-info\"><h4 class=\"box-heading\">M\u00dcHEND\u0130SL\u0130K<\/h4><\/div><\/a><\/div>[\/vc_column][\/vc_row][vc_row full_width=&#8221;stretch_row&#8221; css=&#8221;.vc_custom_1538382683662{background: #333333 url(https:\/\/mekoyapi.com.tr\/wp-content\/uploads\/2018\/10\/vertical-grid-5.png?id=12972) !important;background-position: 0 0 !important;background-repeat: repeat !important;}&#8221; el_class=&#8221;spaced&#8221;][vc_column width=&#8221;1\/2&#8243; css=&#8221;.vc_custom_1539687375928{margin-bottom: 20px !important;}&#8221; el_class=&#8221;animate&#8221;][vc_column_text css=&#8221;&#8221;]<\/p>\n<h2><span style=\"color: #f5f5f5;\"><strong>Meko Yap\u0131, kazan\u00e7l\u0131 ya\u015fam\u0131n mimar\u0131 olarak gelece\u011finizi g\u00fcvenle in\u015fa eder!iyor!<\/strong><\/span><\/h2>\n<p>[\/vc_column_text]<span class=\"subtitle dash-true style-light text-default\">Unique perspective<\/span>[\/vc_column][vc_column width=&#8221;1\/2&#8243; el_class=&#8221;animate animate-1&#8243;][vc_column_text css=&#8221;&#8221;]<\/p>\n<div id=\"pgc-7788-1-1\" class=\"panel-grid-cell\">\n<div id=\"panel-7788-1-1-0\" class=\"so-panel widget widget_black-studio-tinymce widget_black_studio_tinymce panel-first-child panel-last-child\" data-index=\"5\">\n<div class=\"animate animate-2 panel-widget-style panel-widget-style-for-7788-1-1-0 visible\">\n<div class=\"textwidget\">\n<p>Meko Yap\u0131 olarak, in\u015faat ve yap\u0131 sekt\u00f6r\u00fcnde uzun y\u0131llara dayanan deneyimimizle, her projeyi \u00f6zenle ele al\u0131yor ve m\u00fc\u015fterilerimizin hayallerini ger\u00e7e\u011fe d\u00f6n\u00fc\u015ft\u00fcr\u00fcyoruz. Konuttan ofise, end\u00fcstriyel yap\u0131lardan \u00f6zel projelere kadar geni\u015f bir yelpazede sundu\u011fumuz hizmetlerimizle, modern teknolojiler ve s\u00fcrd\u00fcr\u00fclebilir \u00e7\u00f6z\u00fcmler kullanarak kaliteden \u00f6d\u00fcn vermeden \u00e7al\u0131\u015f\u0131yoruz. Amac\u0131m\u0131z, sadece yap\u0131lar in\u015fa etmek de\u011fil, ayn\u0131 zamanda g\u00fcvenilir, konforlu ve de\u011fer katan ya\u015fam alanlar\u0131 yaratmakt\u0131r.<\/p><\/div>\n<\/div>\n<\/div>\n<\/div>\n<p>[\/vc_column_text][\/vc_column][\/vc_row][vc_row full_width=&#8221;stretch_row_content_no_spaces&#8221;][vc_column css=&#8221;.vc_custom_1534837399175{padding-top: 0px !important;}&#8221;]<section class=\"section-gallery gallery-layout-vertical grid-fluid captions-bottom\"><div><div class=\"container-fluid\"><div class=\"row no-gutter\"><div id=\"gallery-slider\"><div class=\"item meko-yapi-samsun \"><a href=\"https:\/\/mekoyapi.com.tr\/index.php\/projects\/korupark-2-evleri\/\" class=\"portfolio-box image-container\"><img decoding=\"async\" src=\"https:\/\/mekoyapi.com.tr\/wp-content\/uploads\/2025\/02\/korupark2.jpg\" srcset=\"https:\/\/mekoyapi.com.tr\/wp-content\/uploads\/2025\/02\/korupark2-360x570.jpg 360w, https:\/\/mekoyapi.com.tr\/wp-content\/uploads\/2025\/02\/korupark2.jpg 480w\" sizes=\"(min-width: 781px) 480px, calc(100vw - 30px)\" alt=\"KORUPARK - 2 EVLER\u0130\"><div class=\"portfolio-box-caption\"><div class=\"portfolio-box-caption-content\"><span class=\"vertical-number\">01<\/span><div class=\"project-category text-faded\">meko-yapi-samsun <\/div><div class=\"project-name\">KORUPARK - 2 EVLER\u0130<\/div><\/div><\/div><\/a><\/div><div class=\"item meko-yapi-samsun \"><a href=\"https:\/\/mekoyapi.com.tr\/index.php\/projects\/korupark-life-evleri\/\" class=\"portfolio-box image-container\"><img decoding=\"async\" src=\"https:\/\/mekoyapi.com.tr\/wp-content\/uploads\/2025\/02\/meko-meko.png\" srcset=\"https:\/\/mekoyapi.com.tr\/wp-content\/uploads\/2025\/02\/meko-meko-360x570.png 360w, https:\/\/mekoyapi.com.tr\/wp-content\/uploads\/2025\/02\/meko-meko.png 480w\" sizes=\"(min-width: 781px) 480px, calc(100vw - 30px)\" alt=\"KORUPARK L\u0130FE EVLER\u0130\"><div class=\"portfolio-box-caption\"><div class=\"portfolio-box-caption-content\"><span class=\"vertical-number\">02<\/span><div class=\"project-category text-faded\">meko-yapi-samsun <\/div><div class=\"project-name\">KORUPARK L\u0130FE EVLER\u0130<\/div><\/div><\/div><\/a><\/div><div class=\"item meko-yapi-samsun \"><a href=\"https:\/\/mekoyapi.com.tr\/index.php\/projects\/korupark-evleri-1\/\" class=\"portfolio-box image-container\"><img decoding=\"async\" src=\"https:\/\/mekoyapi.com.tr\/wp-content\/uploads\/2025\/02\/korupark-1.jpg\" srcset=\"https:\/\/mekoyapi.com.tr\/wp-content\/uploads\/2025\/02\/korupark-1-360x570.jpg 360w, https:\/\/mekoyapi.com.tr\/wp-content\/uploads\/2025\/02\/korupark-1.jpg 480w\" sizes=\"(min-width: 781px) 480px, calc(100vw - 30px)\" alt=\"KORUPARK EVLER\u0130 - 1\"><div class=\"portfolio-box-caption\"><div class=\"portfolio-box-caption-content\"><span class=\"vertical-number\">03<\/span><div class=\"project-category text-faded\">meko-yapi-samsun <\/div><div class=\"project-name\">KORUPARK EVLER\u0130 - 1<\/div><\/div><\/div><\/a><\/div><div class=\"item meko-yapi-samsun \"><a href=\"https:\/\/mekoyapi.com.tr\/index.php\/projects\/panorama-evleri\/\" class=\"portfolio-box image-container\"><img decoding=\"async\" src=\"https:\/\/mekoyapi.com.tr\/wp-content\/uploads\/2025\/02\/panorama-meko-yapi.jpg\" srcset=\"https:\/\/mekoyapi.com.tr\/wp-content\/uploads\/2025\/02\/panorama-meko-yapi-360x570.jpg 360w, https:\/\/mekoyapi.com.tr\/wp-content\/uploads\/2025\/02\/panorama-meko-yapi.jpg 480w\" sizes=\"(min-width: 781px) 480px, calc(100vw - 30px)\" alt=\"PANORAMA EVLER\u0130\"><div class=\"portfolio-box-caption\"><div class=\"portfolio-box-caption-content\"><span class=\"vertical-number\">04<\/span><div class=\"project-category text-faded\">meko-yapi-samsun <\/div><div class=\"project-name\">PANORAMA EVLER\u0130<\/div><\/div><\/div><\/a><\/div><div class=\"item meko-yapi-samsun \"><a href=\"https:\/\/mekoyapi.com.tr\/index.php\/projects\/atakum-ruyam-evleri\/\" class=\"portfolio-box image-container\"><img decoding=\"async\" src=\"https:\/\/mekoyapi.com.tr\/wp-content\/uploads\/2025\/02\/atakum-ruyam-evleri.jpg\" srcset=\"https:\/\/mekoyapi.com.tr\/wp-content\/uploads\/2025\/02\/atakum-ruyam-evleri-360x570.jpg 360w, https:\/\/mekoyapi.com.tr\/wp-content\/uploads\/2025\/02\/atakum-ruyam-evleri.jpg 480w\" sizes=\"(min-width: 781px) 480px, calc(100vw - 30px)\" alt=\"ATAKUM R\u00dcYAM EVLER\u0130\"><div class=\"portfolio-box-caption\"><div class=\"portfolio-box-caption-content\"><span class=\"vertical-number\">05<\/span><div class=\"project-category text-faded\">meko-yapi-samsun <\/div><div class=\"project-name\">ATAKUM R\u00dcYAM EVLER\u0130<\/div><\/div><\/div><\/a><\/div><div class=\"item meko-yapi-samsun \"><a href=\"https:\/\/mekoyapi.com.tr\/index.php\/projects\/billurkent-sitesi-meko-yapi\/\" class=\"portfolio-box image-container\"><img decoding=\"async\" src=\"https:\/\/mekoyapi.com.tr\/wp-content\/uploads\/2025\/01\/billurkent-meko-yapi.jpg\" srcset=\"https:\/\/mekoyapi.com.tr\/wp-content\/uploads\/2025\/01\/billurkent-meko-yapi-360x570.jpg 360w, https:\/\/mekoyapi.com.tr\/wp-content\/uploads\/2025\/01\/billurkent-meko-yapi.jpg 480w\" sizes=\"(min-width: 781px) 480px, calc(100vw - 30px)\" alt=\"B\u0130LLURKENT S\u0130TES\u0130\"><div class=\"portfolio-box-caption\"><div class=\"portfolio-box-caption-content\"><span class=\"vertical-number\">06<\/span><div class=\"project-category text-faded\">meko-yapi-samsun <\/div><div class=\"project-name\">B\u0130LLURKENT S\u0130TES\u0130<\/div><\/div><\/div><\/a><\/div><div class=\"item meko-yapi-samsun \"><a href=\"https:\/\/mekoyapi.com.tr\/index.php\/projects\/atakent-evleri-sitesi-meko-yapi\/\" class=\"portfolio-box image-container\"><img decoding=\"async\" src=\"https:\/\/mekoyapi.com.tr\/wp-content\/uploads\/2025\/01\/atakent-meko-yapi.jpg\" srcset=\"https:\/\/mekoyapi.com.tr\/wp-content\/uploads\/2025\/01\/atakent-meko-yapi-360x570.jpg 360w, https:\/\/mekoyapi.com.tr\/wp-content\/uploads\/2025\/01\/atakent-meko-yapi.jpg 480w\" sizes=\"(min-width: 781px) 480px, calc(100vw - 30px)\" alt=\"ATAKENT EVLER\u0130 S\u0130TES\u0130\"><div class=\"portfolio-box-caption\"><div class=\"portfolio-box-caption-content\"><span class=\"vertical-number\">07<\/span><div class=\"project-category text-faded\">meko-yapi-samsun <\/div><div class=\"project-name\">ATAKENT EVLER\u0130 S\u0130TES\u0130<\/div><\/div><\/div><\/a><\/div><div class=\"item meko-yapi-samsun \"><a href=\"https:\/\/mekoyapi.com.tr\/index.php\/projects\/gazi-sitesi-meko-yapi\/\" class=\"portfolio-box image-container\"><img decoding=\"async\" src=\"https:\/\/mekoyapi.com.tr\/wp-content\/uploads\/2025\/01\/gazi-sitesi-meko-yapi.jpg\" srcset=\"https:\/\/mekoyapi.com.tr\/wp-content\/uploads\/2025\/01\/gazi-sitesi-meko-yapi-360x570.jpg 360w, https:\/\/mekoyapi.com.tr\/wp-content\/uploads\/2025\/01\/gazi-sitesi-meko-yapi.jpg 480w\" sizes=\"(min-width: 781px) 480px, calc(100vw - 30px)\" alt=\"GAZ\u0130 S\u0130TES\u0130\"><div class=\"portfolio-box-caption\"><div class=\"portfolio-box-caption-content\"><span class=\"vertical-number\">08<\/span><div class=\"project-category text-faded\">meko-yapi-samsun <\/div><div class=\"project-name\">GAZ\u0130 S\u0130TES\u0130<\/div><\/div><\/div><\/a><\/div><\/div><\/div><\/div><\/div><\/section>[\/vc_column][\/vc_row][vc_row full_width=&#8221;stretch_row&#8221; gap=&#8221;15&#8243; css=&#8221;.vc_custom_1536755124299{margin-top: 100px !important;margin-bottom: 100px !important;}&#8221; el_class=&#8221;mobile-full&#8221;][vc_column width=&#8221;1\/2&#8243; el_class=&#8221;animate&#8221;][vc_single_image image=&#8221;13522&#8243; alignment=&#8221;center&#8221; onclick=&#8221;img_link_large&#8221; css=&#8221;.vc_custom_1738775709860{margin-bottom: 0px !important;}&#8221;][\/vc_column][vc_column width=&#8221;1\/2&#8243; el_class=&#8221;animate animate-1&#8243;][vc_row_inner el_class=&#8221;overlap-left&#8221;][vc_column_inner el_class=&#8221;shadow-box&#8221;]<span class=\"subtitle dash-true style-dark text-default\">Meko Yap\u0131 | Kazan\u00e7l\u0131 Ya\u015fam Mimar\u0131<\/span>[vc_column_text css=&#8221;&#8221;]<\/p>\n<h2>Meko Yap\u0131 | Kazan\u00e7l\u0131 Ya\u015fam\u0131n Mimar\u0131<br \/>\nMerak Edilenler<\/h2>\n<p>[\/vc_column_text][vc_column_text css=&#8221;&#8221;]<ul class=\"nav nav-tabs style-accent light\" id=\"custom-tabs-84\"><li class=\"active\"><a href=\"#custom-tab-0-Bilgi-1\"  data-toggle=\"tab\">Bilgi - 1<\/a><\/li><li><a href=\"#custom-tab-0-Bilgi-2\"  data-toggle=\"tab\">Bilgi - 2<\/a><\/li><li><a href=\"#custom-tab-0-Bilgi-3\"  data-toggle=\"tab\">Bilgi - 3<\/a><\/li><\/ul><div class=\"tab-content style-accent\"><div id=\"custom-tab-0-Bilgi-1\" class=\"tab-pane animated fadeIn active\">\n<h4>\u00a0<strong style=\"color: white;\">Projenin en \u00f6ne \u00e7\u0131kan \u00f6zellikleri nelerdir?<\/strong><\/h4>\n<p>Karadeniz B\u00f6lgesi&#8217;nin en b\u00fcy\u00fck konut projesi olan bu projemizde:<\/p>\n<ul>\n<li style=\"list-style-type: none;\">\n<ul>\n<li style=\"list-style-type: none;\">\n<ul>\n<li>Havuz,<\/li>\n<li>\u00c7ocuk oyun park\u0131,<\/li>\n<li>Kre\u015f,<\/li>\n<li>7\/24 g\u00fcvenlik,<\/li>\n<li>Futbol\/basketbol sahas\u0131,<\/li>\n<li>A\u00e7\u0131k otopark,<\/li>\n<li>%87 ye\u015fil alan,<\/li>\n<li>Asans\u00f6r,<\/li>\n<li>Merkezi pay \u00f6l\u00e7er,<\/li>\n<li>Market,<\/li>\n<li>Oturma alanlar\u0131,<\/li>\n<li>Sosyal alanlar,<\/li>\n<li>\u00c7ift cepheli Atakum manzaral\u0131 ferah daireler bulunmaktad\u0131r.<\/li>\n<\/ul>\n<\/li>\n<\/ul>\n<\/li>\n<\/ul>\n<p><\/p><\/div><div id=\"custom-tab-0-Bilgi-2\" class=\"tab-pane animated fadeIn \">\n<h4><strong style=\"color: white;\">Daire se\u00e7enekleri nelerdir?<\/strong><\/h4>\n<ul>\n<li>1+1 (71 m\u00b2),<\/li>\n<li>2+1 (108 m\u00b2),<\/li>\n<li>3+1 (165 m\u00b2) oda se\u00e7eneklerimiz mevcuttur.<\/li>\n<li>Ayr\u0131ca, bir katta sadece iki daire bulunmas\u0131yla kaliteli ve konforlu bir ya\u015fam sunulmaktad\u0131r.<\/li>\n<\/ul>\n<p><\/p><\/div><div id=\"custom-tab-0-Bilgi-3\" class=\"tab-pane animated fadeIn \">\n<h4><strong style=\"color: white;\">\u00d6deme se\u00e7enekleri nelerdir?<\/strong><\/h4>\n<ul>\n<li>Esnek \u00f6deme planlar\u0131 ve s\u0131f\u0131r faizli \u00f6deme\u00a0 imkanlar\u0131 sunmaktay\u0131z. Detayl\u0131 bilgi i\u00e7in sat\u0131\u015f dan\u0131\u015fmanlar\u0131m\u0131zla g\u00f6r\u00fc\u015febilirsiniz.<\/li>\n<\/ul>\n<p><\/p><\/div><\/div>[\/vc_column_text][\/vc_column_inner][\/vc_row_inner][\/vc_column][\/vc_row][vc_row full_width=&#8221;stretch_row&#8221; css=&#8221;.vc_custom_1536744539590{background: #f5f5f5 url(https:\/\/mekoyapi.com.tr\/wp-content\/uploads\/2018\/03\/bg.png?id=9170) !important;background-position: 0 0 !important;background-repeat: repeat !important;}&#8221; el_class=&#8221;spaced&#8221;][vc_column css=&#8221;.vc_custom_1536744548657{padding-top: 0px !important;}&#8221;]<span class=\"subtitle dash-false style-dark text-center animate\">M\u0130MARI TASARIM<\/span>[vc_column_text css=&#8221;&#8221; el_class=&#8221;animate&#8221;]<\/p>\n<h2 style=\"text-align: center;\">MEKO YAPI | KAZAN\u00c7LI YA\u015eAMIN M\u0130MARI<\/h2>\n<p>[\/vc_column_text]<div class=\"dash style-dark centered\"><\/div>[vc_row_inner css=&#8221;.vc_custom_1537521392447{margin-top: 60px !important;}&#8221;][vc_column_inner el_class=&#8221;animate&#8221; width=&#8221;1\/4&#8243;]<div class=\"number-box style-default spacing-30\"><a href=\"#\"><div class=\"number-box-number\">01<\/div><div class=\"content-box\"><div class=\"content-box-info\"><h3>Planlama<\/h3><p class=\"number-box-content\">Meko Yap\u0131 Planlama, yenilik\u00e7i ve s\u00fcrd\u00fcr\u00fclebilir mimari \u00e7\u00f6z\u00fcmler sunan bir firmad\u0131r.<\/p><div class=\"btn-read-more\">Read More<\/div><\/div><\/div><\/a><\/div>[\/vc_column_inner][vc_column_inner el_class=&#8221;animate animate-1&#8243; width=&#8221;1\/4&#8243;]<div class=\"number-box style-default spacing-30\"><a href=\"#\"><div class=\"number-box-number\">02<\/div><div class=\"content-box\"><div class=\"content-box-info\"><h3>Modelleme<\/h3><p class=\"number-box-content\">Meko Yap\u0131 Planlama, modern ve fonksiyonel yap\u0131lar i\u00e7in yenilik\u00e7i modelleme teknikleri kullan\u0131r.<\/p><div class=\"btn-read-more\">Read More<\/div><\/div><\/div><\/a><\/div>[\/vc_column_inner][\/vc_row_inner][\/vc_column][\/vc_row][vc_row full_width=&#8221;stretch_row&#8221; css=&#8221;.vc_custom_1538382730025{padding-top: 80px !important;padding-bottom: 60px !important;background: #f5f5f5 url(https:\/\/mekoyapi.com.tr\/wp-content\/uploads\/2018\/10\/vertical-grid-5.png?id=12972) !important;background-position: 0 0 !important;background-repeat: repeat !important;}&#8221;][vc_column width=&#8221;1\/5&#8243; css=&#8221;.vc_custom_1539687537124{padding-top: 0px !important;}&#8221; el_class=&#8221;animate&#8221;][vc_column_text css=&#8221;.vc_custom_1739022941644{margin-bottom: 30px !important;}&#8221;]<\/p>\n<h2>Projelerimiz<\/h2>\n<p>[\/vc_column_text]<span class=\"subtitle dash-true style-dark text-default\">Partners<\/span>[\/vc_column][vc_column width=&#8221;4\/5&#8243; el_class=&#8221;animate animate-1&#8243;][vc_row_inner][vc_column_inner width=&#8221;1\/4&#8243; offset=&#8221;vc_col-xs-6&#8243;]<img loading=\"lazy\" decoding=\"async\" class=\"tooltip-image size-full aligncenter\" src=\"https:\/\/mekoyapi.com.tr\/wp-content\/uploads\/2025\/02\/logo-9.png\" alt=\"Ciner Build\" title=\"Ciner Build\" width=\"122\" height=\"57\" data-toggle=\"tooltip\" \/>[\/vc_column_inner][vc_column_inner width=&#8221;1\/4&#8243; offset=&#8221;vc_col-xs-6&#8243;]<img loading=\"lazy\" decoding=\"async\" class=\"tooltip-image size-full aligncenter\" src=\"https:\/\/mekoyapi.com.tr\/wp-content\/uploads\/2025\/02\/logo999.png\" alt=\"Ciner Build\" title=\"Ciner Build\" width=\"122\" height=\"57\" data-toggle=\"tooltip\" \/>[\/vc_column_inner][vc_column_inner width=&#8221;1\/4&#8243; offset=&#8221;vc_col-xs-6&#8243;]<img loading=\"lazy\" decoding=\"async\" class=\"tooltip-image size-full aligncenter\" src=\"https:\/\/mekoyapi.com.tr\/wp-content\/uploads\/2025\/02\/logo-12.png\" alt=\"Biger Wall\" title=\"Biger Wall\" width=\"122\" height=\"57\" data-toggle=\"tooltip\" \/>[\/vc_column_inner][vc_column_inner width=&#8221;1\/4&#8243; offset=&#8221;vc_col-xs-6&#8243;]<img loading=\"lazy\" decoding=\"async\" class=\"tooltip-image size-full aligncenter\" src=\"https:\/\/mekoyapi.com.tr\/wp-content\/uploads\/2025\/02\/LOGO16.png\" alt=\"Superio\" title=\"Superio\" width=\"122\" height=\"57\" data-toggle=\"tooltip\" \/>[\/vc_column_inner][\/vc_row_inner][vc_row_inner][vc_column_inner width=&#8221;1\/4&#8243; offset=&#8221;vc_col-xs-6&#8243;]<img loading=\"lazy\" decoding=\"async\" class=\"tooltip-image size-full aligncenter\" src=\"https:\/\/mekoyapi.com.tr\/wp-content\/uploads\/2025\/02\/logo-8.png\" alt=\"Bright Sun Views\" title=\"Bright Sun Views\" width=\"122\" height=\"57\" data-toggle=\"tooltip\" \/>[\/vc_column_inner][vc_column_inner width=&#8221;1\/4&#8243; offset=&#8221;vc_col-xs-6&#8243;]<img loading=\"lazy\" decoding=\"async\" class=\"tooltip-image size-full aligncenter\" src=\"https:\/\/mekoyapi.com.tr\/wp-content\/uploads\/2025\/02\/logo10.png\" alt=\"Build Origin\" title=\"Build Origin\" width=\"122\" height=\"57\" data-toggle=\"tooltip\" \/>[\/vc_column_inner][vc_column_inner width=&#8221;1\/4&#8243; offset=&#8221;vc_col-xs-6&#8243;]<img loading=\"lazy\" decoding=\"async\" class=\"tooltip-image size-full aligncenter\" src=\"https:\/\/mekoyapi.com.tr\/wp-content\/uploads\/2025\/02\/logo13.png\" alt=\"Top Shelf\" title=\"Top Shelf\" width=\"122\" height=\"57\" data-toggle=\"tooltip\" \/>[\/vc_column_inner][vc_column_inner width=&#8221;1\/4&#8243; offset=&#8221;vc_col-xs-6&#8243;]<img loading=\"lazy\" decoding=\"async\" class=\"tooltip-image size-full aligncenter\" src=\"https:\/\/mekoyapi.com.tr\/wp-content\/uploads\/2018\/09\/logo-4.png\" alt=\"Sprinter Brick\" title=\"Sprinter Brick\" width=\"122\" height=\"57\" data-toggle=\"tooltip\" \/>[\/vc_column_inner][\/vc_row_inner][\/vc_column][\/vc_row][vc_row css=&#8221;.vc_custom_1538400770160{background-image: url(https:\/\/mekoyapi.com.tr\/wp-content\/uploads\/2018\/10\/bg-dotted.png?id=12997) !important;background-position: 0 0 !important;background-repeat: repeat !important;}&#8221;][vc_column el_class=&#8221;animate&#8221;]<section id=\"testimonials\" class=\"dark\"><div class=\"carousel-light\"><div class=\"row\"><div class=\"col-md-12\"><h2 class=\"section-title\">What our clients say<\/h2><div class=\"divider-light\"><\/div><\/div><\/div><div class=\"row\"><div id=\"testimonial-carousel\" class=\"carousel\"><div class=\"col-md-6\"><div class=\"testimonial image-left testimonial-dark\"><div class=\"content-box\"><div class=\"content-box-info\"><div class=\"profile\"><img decoding=\"async\" src=\"https:\/\/mekoyapi.com.tr\/wp-content\/uploads\/2016\/08\/150x150.png\" alt=\"Mary Atkinson\"><p class=\"name\">Mary Atkinson<\/p><p class=\"company\">CEO at Biilders<\/p><\/div><div class=\"testimonial-content\"><p class=\"testimonial-headline\">This has been the best project we have worked so far!<\/p><p>Interico company has a really proffessional staff. They kept us informed throughout whole process of building our bedroom house. We got suggestions on what materials to choose, the timeframe and price were.<\/p><\/div><\/div><\/div><\/div><\/div><div class=\"col-md-6\"><div class=\"testimonial image-left testimonial-dark\"><div class=\"content-box\"><div class=\"content-box-info\"><div class=\"profile\"><img decoding=\"async\" src=\"https:\/\/mekoyapi.com.tr\/wp-content\/uploads\/2016\/08\/150x150.png\" alt=\"Josh Sinclair\"><p class=\"name\">Josh Sinclair<\/p><p class=\"company\">Manager<\/p><\/div><div class=\"testimonial-content\"><p class=\"testimonial-headline\">This has been the best project we have worked so far!<\/p><p>interico company has a really proffessional staff. They kept us informed throughout whole process of building our bedroom house. We got suggestions on what materials to choose, the timeframe and price were.<\/p><\/div><\/div><\/div><\/div><\/div><div class=\"col-md-6\"><div class=\"testimonial image-left testimonial-dark\"><div class=\"content-box\"><div class=\"content-box-info\"><div class=\"profile\"><img decoding=\"async\" src=\"https:\/\/mekoyapi.com.tr\/wp-content\/uploads\/2016\/08\/150x150.png\" alt=\"John Stevens\"><p class=\"name\">John Stevens<\/p><p class=\"company\">Manager<\/p><\/div><div class=\"testimonial-content\"><p class=\"testimonial-headline\">This has been the best project we have worked so far!<\/p><p>interico company has a really proffessional staff. They kept us informed throughout the process of building our house. We got suggestions on what materials to choose and the quality met our expectations.<\/p><\/div><\/div><\/div><\/div><\/div><\/div><\/div><div class=\"clear\"><\/div><div class=\"clear\"><\/div><\/div><\/section>[\/vc_column][\/vc_row]<\/p>\n<\/div>","protected":false},"excerpt":{"rendered":"<p>[vc_row full_width=&#8221;stretch_row&#8221; equal_height=&#8221;yes&#8221; content_placement=&#8221;middle&#8221; css=&#8221;.vc_custom_1537521376465{padding-bottom: 70px !important;background-image: url(https:\/\/mekoyapi.com.tr\/wp-content\/uploads\/2018\/03\/bg.png?id=9170) !important;background-position: 0 0 !important;background-repeat: repeat !important;}&#8221; el_class=&#8221;overlapped&#8221;][vc_column width=&#8221;1\/4&#8243; css=&#8221;.vc_custom_1536745119080{margin-top: 110px !important;margin-right: 1px !important;margin-bottom: 30px !important;}&#8221;][vc_column_text css=&#8221;.vc_custom_1738428878271{margin-bottom: 20px !important;}&#8221;] Meko Yap\u0131 ile Gelece\u011fi \u0130n\u015fa Ediyoruz Meko Yap\u0131 olarak, in\u015faat, mimari tasar\u0131m, m\u00fchendislik \u00e7\u00f6z\u00fcmleri ve s\u00fcrd\u00fcr\u00fclebilir yap\u0131 projeleriyle gelece\u011fi \u015fekillendiriyor, her detayda kalite ve yenilik\u00e7ili\u011fi \u00f6n planda tutuyoruz![\/vc_column_text][\/vc_column][vc_column width=&#8221;1\/4&#8243;][\/vc_column][vc_column [&hellip;]<\/p>\n","protected":false},"author":1,"featured_media":0,"parent":0,"menu_order":0,"comment_status":"closed","ping_status":"closed","template":"page-slider.php","meta":{"footnotes":""},"class_list":["post-7788","page","type-page","status-publish","hentry"],"acf":[],"_links":{"self":[{"href":"https:\/\/mekoyapi.com.tr\/index.php\/wp-json\/wp\/v2\/pages\/7788","targetHints":{"allow":["GET"]}}],"collection":[{"href":"https:\/\/mekoyapi.com.tr\/index.php\/wp-json\/wp\/v2\/pages"}],"about":[{"href":"https:\/\/mekoyapi.com.tr\/index.php\/wp-json\/wp\/v2\/types\/page"}],"author":[{"embeddable":true,"href":"https:\/\/mekoyapi.com.tr\/index.php\/wp-json\/wp\/v2\/users\/1"}],"replies":[{"embeddable":true,"href":"https:\/\/mekoyapi.com.tr\/index.php\/wp-json\/wp\/v2\/comments?post=7788"}],"version-history":[{"count":29,"href":"https:\/\/mekoyapi.com.tr\/index.php\/wp-json\/wp\/v2\/pages\/7788\/revisions"}],"predecessor-version":[{"id":13672,"href":"https:\/\/mekoyapi.com.tr\/index.php\/wp-json\/wp\/v2\/pages\/7788\/revisions\/13672"}],"wp:attachment":[{"href":"https:\/\/mekoyapi.com.tr\/index.php\/wp-json\/wp\/v2\/media?parent=7788"}],"curies":[{"name":"wp","href":"https:\/\/api.w.org\/{rel}","templated":true}]}}